 + 461 = 2*f, 0*l = -2*f + 4*l + 482. Suppose 4*n - f = -n. Calculate the highest common factor of 1 and n.
1
Let k(u) = 42*u**3 - 2*u**2 + 42*u + 8. Let p be k(3). Calculate the highest common factor of p and 200.
50
Suppose 0 = 68*t - 414 - 266. Calculate the highest common factor of t and 13190.
10
Suppose -175*j - 1680 = -187*j. Suppose -6*s = -16*s + j. Calculate the highest common divisor of 126 and s.
14
Let d = -4284 - -4665. Calculate the greatest common factor of d and 4699.
127
Suppose -5*a + n - 3*n + 28 = 0, 0 = 3*n - 12. Let i = 692 + -692. Let g be ((-1)/3)/(7/(-42) + i). Calculate the highest common factor of a and g.
2
Let d = 13367 + -13334. Calculate the highest common divisor of 7623 and d.
33
Suppose -4*y + 216 = -4*c, 9*y = 10*y - 4*c - 69. Calculate the greatest common divisor of y and 322.
7
Suppose 54*g - 3144 = 1500. What is the greatest common divisor of 60286 and g?
86
Suppose 5*a = y + 236, -4*a - 2*y = -278 + 92. Suppose 0 = -4*z - 3*f + a, -5*z + 9*z - f = 59. Calculate the highest common divisor of z and 1134.
14
Let y = -2484 + 5214. Calculate the greatest common divisor of y and 20.
10
Let m(v) = 60*v**2 - 589*v + 15. Let k be m(10). Let a(q) = 9*q + 5. Let g be a(5). What is the highest common divisor of k and g?
25
Let f be -4*(18/(-24))/1 + -1014. Let a = f - -1181. What is the highest common divisor of a and 30?
10
Let y = 25 + 65. Let r = 230 - 218. Let n(h) = -h**2 + 19*h - 54. Let k be n(r). What is the greatest common factor of y and k?
30
Let a = -40 + 47. Suppose a = v + 5. Suppose 2*t + 2*t + 838 = 2*y, -v*y = -2*t - 848. Calculate the greatest common divisor of 39 and y.
39
Let z(a) = 20*a - 24. Let s be z(-6). Let g = s + 102. Let n = 3 - g. What is the greatest common factor of n and 45?
45
Let s(n) be the second derivative of n**4/12 + 7*n**3/6 + 5*n**2 + 5*n. Let d be s(-11). Let l = -12 + d. Calculate the highest common divisor of 21 and l.
21
Let p be 0/(-2 - -3) + 8. Let t(z) = z**2 + 5. Let w be t(0). Suppose p*a - 891 = w*a. What is the highest common divisor of 33 and a?
33
Let i = -132 + 192. Let y = 2521 + -2326. Calculate the greatest common divisor of y and i.
15
Let x(k) = k**3 + 3*k**2 - k + 2. Let h be x(-2). Let z be 21/(84/(-64)) - -17. What is the greatest common divisor of z and h?
1
Suppose -2*d + 2*u - 214 = 178, 971 = -5*d + 2*u. Let b = d + 336. Let f be -2 + 1/1 + 14. What is the highest common divisor of b and f?
13
Let m be 57 - -13*(-1 + 4 - 2). Suppose 3*n = -5*s + 745, -3*n + 725 = -s - 4*s. Calculate the highest common divisor of m and n.
35
Suppose -9*l + 30 = -2*b - 11*l, b - l + 23 = 0. Let w be (-3)/((-6)/4) - b. What is the greatest common divisor of 84 and w?
21
Let p = 2205 - 2190. What is the greatest common divisor of p and 309?
3
Let o be 18/(-4)*(-1144)/66. Calculate the highest common divisor of 4134 and o.
78
Let g(o) = -23*o + 79. Let l be g(3). Suppose -15 = -5*d, -2*y = -0*d - 2*d - l. What is the greatest common divisor of y and 240?
8
Suppose 41*a - 1364 = 449 - 214. Let x be 7/3 - (-1)/(-3). Suppose s - 6*s - 176 = -3*g, 5*s = -x*g + 84. Calculate the greatest common factor of a and g.
13
Let n(l) = -105*l - 836. Let x be n(-11). Calculate the greatest common divisor of x and 87.
29
Suppose 0 = -21*k + 22*k - 49. Let z be k/3 + (-7)/3 + 2. Suppose -4*u = z, 2*q - 1 = q - 3*u. What is the greatest common factor of q and 13?
13
Suppose -155 + 51 = -4*q. Let n be 2*2340/(-765)*-136. Calculate the greatest common factor of n and q.
26
Suppose 3*j = 2*o - 39240, 2*j + 13951 = 5*o - 84182. What is the highest common factor of o and 81?
27
Suppose -611*s - 12123 = -749*s - 3291. Calculate the highest common divisor of s and 3232.
32
Suppose 130 = 18*a + 8*a. Suppose a*u = 2*s + 9, -3*s + 7*s - 21 = -3*u. What is the highest common divisor of u and 105?
3
Let u(d) = -4*d + 25. Let x be u(4). Suppose -6*m - 48 = -x*m. Suppose 0 = 16*s - 7 - 9. Calculate the greatest common divisor of m and s.
1
Let y be (-2 - 23/(-10)) + (-24138)/(-540). Suppose 3*j + 213 = 5*w, -7*w + 25 = -6*w - 5*j. Calculate the greatest common divisor of y and w.
45
Let v be (-663)/(-65)*2035/33. Calculate the greatest common divisor of v and 17.
17
Let a = 1321 - 414. Let x = -601 + a. What is the greatest common factor of x and 54?
18
Suppose -3*w - 16 = 20. Let i be (-6)/9 + 2*(-100)/w. Let h(a) = 2*a. Let v be h(2). What is the greatest common factor of v and i?
4
Let z = 3 + 60. Suppose z - 15 = 6*n. Calculate the greatest common divisor of n and 36.
4
Let d = 6680 + -6000. What is the highest common factor of d and 560?
40
Let l = 1609 + -1285. Calculate the highest common factor of 36 and l.
36
Suppose 152*x + 472 = 6248. What is the highest common factor of x and 437?
19
Suppose -4*r + 246 = -54. Let g be (-236)/(-10) - 483/(-345). Calculate the greatest common divisor of r and g.
25
Let l = -1 + -7. Let t(h) = 27 - 3 + 112*h + 2 - 111*h. Let x be t(l). Calculate the highest common factor of 126 and x.
18
Let t = 497 + -498. Let h be (t - 20)/((-7)/35). Let j = 41 + -26. Calculate the highest common factor of h and j.
15
Let i = 181 + -704. Let t = i - -529. Calculate the highest common divisor of 9 and t.
3
Suppose 18*i = 15*i + 810. Suppose 10*j = 15*j - i. Suppose 0*l - j = -6*l. What is the greatest common divisor of 63 and l?
9
Let q(h) = 12*h**2 - 5*h + 2. Let x be q(1). Suppose 0 = -3*d + x, -a - a + 5*d + 125 = 0. Let r = a + -64. What is the greatest common factor of r and 15?
3
Suppose 0 = -100*a + 37*a + 380520. What is the highest common factor of 151 and a?
151
Suppose 10 = 2*b, 38*d + 3775 = 43*d - 5*b. Calculate the highest common factor of 57 and d.
19
Suppose -868*f = -2*o - 872*f + 938, -2*f = -o + 461. Calculate the greatest common factor of o and 2945.
155
Let h = 145 - 103. Let s(z) = 31*z - 862. Let q be s(40). What is the highest common divisor of h and q?
42
Suppose 4*c - 79 - 89 = 0. Suppose -20 = -2*x + 214. Let s = x + -111. Calculate the highest common factor of s and c.
6
Suppose -5*w + 2*o + 40 = 0, 2*w + 19*o - 17*o = 16. What is the greatest common divisor of 686 and w?
2
Let q(h) = -2*h + 2. Let i(x) = 8*x + 10. Let d be i(0). Let p be (0 - 2)*d/10. Let v be q(p). What is the highest common factor of 24 and v?
6
Let z = 2666 - 1863. Suppose 23*a - 10*a - 949 = 0. What is the greatest common divisor of z and a?
73
Let q be (-24)/42 - -54*(-2)/7. Let k(y) = -90*y - 290. Let h be k(q). Calculate the greatest common factor of 23 and h.
23
Let y = -123908 + 124148. Let k(i) = -i + 6. Let x be k(5). Let p be (30/4)/x*4. Calculate the greatest common factor of y and p.
30
Let d(o) = o**3 - 10*o**2 - 22*o - 25. Let f be d(12). Let c be (18/(f*3))/((-39)/26). What is the highest common divisor of 4 and c?
4
Let m(k) = -7*k + 7. Let j(c) = c - 1. Let b(l) = -30*j(l) - 5*m(l). Let p be b(16). Calculate the highest common divisor of p and 45.
15
Let q be 3111/18 + 5/(-180)*-6. Suppose 168*x - q*x = -240. Let z be (-2588)/(-6) - (-4)/6. What is the highest common divisor of z and x?
48
Let i(l) = -16*l**2 - l**3 - 11*l + 10 + 28 - 6*l. Let g be i(-15). What is the highest common divisor of g and 17?
17
Let n(v) = 16*v**2 - 6*v - 4. Let b be n(-5). Let x be b/21 - 4/14. Let f = 32175 + -32095. Calculate the greatest common divisor of x and f.
20
Let r = -12506 - -12778. What is the greatest common divisor of 884 and r?
68
Let h = 43 + 56. Suppose 29*p = 27*p + 122. Let x = -52 + p. Calculate the highest common factor of h and x.
9
Suppose 185*w - 6854 = 2396. Calculate the greatest common factor of w and 860.
10
Suppose 0 = -15*a + 30 + 15. Suppose -11 = 5*b - 3*v - 27, -2*v = 4. Let t be (a/9)/(b/120). Calculate the greatest common factor of t and 80.
20
Let r be (-5)/4 + 1 + 7938/72. Let b be (-823)/(-11) - ((-180)/r)/9. What is the highest common divisor of b and 3?
3
Let m(g) = g**2 - 3*g - 7. Suppose -3*u = 2*t - 4 - 1, 4*t = -20. Let o be m(u). Let k = -58389 - -58413. Calculate the highest common divisor of k and o.
3
Suppose 0 = q - 4*f - 47, -2*q = 2*q + 4*f - 188. Let v be (-1128)/(-36) + (-2)/(-3). Let g = q - v. Calculate the highest common divisor of 150 and g.
15
Let n = 270 - 235. Suppose 5*h - n = -5*x, -x - 3 = 4*h + 5. What is the great